{"id":6743,"date":"2019-05-08T17:05:35","date_gmt":"2019-05-08T22:05:35","guid":{"rendered":"https:\/\/www.abcon.mx\/?page_id=6743"},"modified":"2019-07-02T14:03:39","modified_gmt":"2019-07-02T19:03:39","slug":"cual-es-la-diferencia-entre-una-norma-tecnica-y-un-estandar-de-competencia-y-una-norma-tecnica-de-competencia-laboral","status":"publish","type":"page","link":"https:\/\/www.abcon.mx\/?page_id=6743","title":{"rendered":"\u00bfCu\u00e1l es la diferencia entre una norma t\u00e9cnica y un est\u00e1ndar de competencia y una norma t\u00e9cnica de competencia laboral?"},"content":{"rendered":"\t\t<div data-elementor-type=\"wp-post\" data-elementor-id=\"6743\" class=\"elementor elementor-6743\">\n\t\t\t\t\t\t<section class=\"elementor-section elementor-top-section elementor-element elementor-element-1679c7e elementor-section-boxed elementor-section-height-default elementor-section-height-default\" data-id=\"1679c7e\" data-element_type=\"section\">\n\t\t\t\t\t\t<div class=\"elementor-container elementor-column-gap-default\">\n\t\t\t\t\t<div class=\"elementor-column elementor-col-100 elementor-top-column elementor-element elementor-element-9ab3f31\" data-id=\"9ab3f31\" data-element_type=\"column\">\n\t\t\t<div class=\"elementor-widget-wrap elementor-element-populated\">\n\t\t\t\t\t\t<div class=\"elementor-element elementor-element-2631d95 elementor-widget elementor-widget-text-editor\" data-id=\"2631d95\" data-element_type=\"widget\" data-widget_type=\"text-editor.default\">\n\t\t\t\t<div class=\"elementor-widget-container\">\n\t\t\t\t\t\t\t\t\t<h5 dir=\"auto\">\u00a0<\/h5><h5 dir=\"auto\">A partir de noviembre del 2009 el CONOCER opera con base en nuevas reglas. Desde ese momento las Normas T\u00e9cnicas de Competencia Laboral (NTCL) se denominan Est\u00e1ndares de Competencia (EC) los cuales son desarrollados por un Comit\u00e9 de Gesti\u00f3n por Competencia.<\/h5><h5 dir=\"auto\">Entre las diferencias principales est\u00e1n:<\/h5><ul><li dir=\"auto\">El Est\u00e1ndar de Competencia (EC) tiene vigencia, es decir, establece periodos de revisi\u00f3n para el est\u00e1ndar (actualizaci\u00f3n) y de certificaci\u00f3n para las personas. La Norma T\u00e9cnica de Competencia Laboral (NTCL) no se establece vigencia.<\/li><li dir=\"auto\">El Instrumento de Evaluaci\u00f3n derivado del Est\u00e1ndar de Competencia (EC) es m\u00e1s claro y preciso, logrando con ello elevar la calidad del mismo.<\/li><li dir=\"auto\">En el Est\u00e1ndar de Competencia (EC) se se\u00f1ala las instituciones involucradas en la elaboraci\u00f3n del mismo.<\/li><li dir=\"auto\">El Certificado de Competencia Laboral derivado de una NTCL s\u00f3lo presenta el logotipo del CONOCER aunque est\u00e1 avalado por la Secretar\u00eda de Educaci\u00f3n P\u00fablica (SEP) a nivel nacional.<\/li><li dir=\"auto\">El certificado derivado del EC presenta el logotipo de la SEP, el logotipo del CONOCER, de la instituci\u00f3n que realiz\u00f3 el proceso de certificaci\u00f3n y los logotipos de las empresas\/instituciones\/<wbr \/>organismos que integran el Comit\u00e9 de Gesti\u00f3n por Competencias que elabor\u00f3 el Est\u00e1ndar.<\/li><\/ul>\t\t\t\t\t\t\t\t<\/div>\n\t\t\t\t<\/div>\n\t\t\t\t<div class=\"elementor-element elementor-element-1945e24 elementor-align-right elementor-widget elementor-widget-button\" data-id=\"1945e24\" data-element_type=\"widget\" data-widget_type=\"button.default\">\n\t\t\t\t<div class=\"elementor-widget-container\">\n\t\t\t\t\t\t\t\t\t<div class=\"elementor-button-wrapper\">\n\t\t\t\t\t<a class=\"elementor-button elementor-button-link elementor-size-sm\" href=\"https:\/\/www.abcon.mx\/?page_id=6738\">\n\t\t\t\t\t\t<span class=\"elementor-button-content-wrapper\">\n\t\t\t\t\t\t<span class=\"elementor-button-icon\">\n\t\t\t\t\t\t\t\t\t<i class=\"fa fa-arrow-left\" aria-hidden=\"true\"><\/i>\n\t\t\t\t\t\t\t<\/span>\n\t\t\t\t\t\t\t\t\t<span class=\"elementor-button-text\">Regresar<\/span>\n\t\t\t\t\t<\/span>\n\t\t\t\t\t<\/a>\n\t\t\t\t<\/div>\n\t\t\t\t\t\t\t\t<\/div>\n\t\t\t\t<\/div>\n\t\t\t\t\t<\/div>\n\t\t<\/div>\n\t\t\t\t\t<\/div>\n\t\t<\/section>\n\t\t\t\t<\/div>\n\t\t","protected":false},"excerpt":{"rendered":"<p>&nbsp; A partir de noviembre del 2009 el CONOCER opera con base en nuevas reglas. Desde ese momento las Normas T\u00e9cnicas de Competencia Laboral (NTCL) se denominan Est\u00e1ndares de Competencia (EC) los cuales son desarrollados por un Comit\u00e9 de Gesti\u00f3n por Competencia. Entre las diferencias principales est\u00e1n: El Est\u00e1ndar de Competencia (EC) tiene vigencia, es &hellip;<\/p>\n","protected":false},"author":1,"featured_media":0,"parent":6738,"menu_order":0,"comment_status":"closed","ping_status":"closed","template":"","meta":{"_monsterinsights_skip_tracking":false,"_monsterinsights_sitenote_active":false,"_monsterinsights_sitenote_note":"","_monsterinsights_sitenote_category":0,"footnotes":""},"class_list":["post-6743","page","type-page","status-publish","hentry","no-thumb"],"aioseo_notices":[],"_links":{"self":[{"href":"https:\/\/www.abcon.mx\/index.php?rest_route=\/wp\/v2\/pages\/6743","targetHints":{"allow":["GET"]}}],"collection":[{"href":"https:\/\/www.abcon.mx\/index.php?rest_route=\/wp\/v2\/pages"}],"about":[{"href":"https:\/\/www.abcon.mx\/index.php?rest_route=\/wp\/v2\/types\/page"}],"author":[{"embeddable":true,"href":"https:\/\/www.abcon.mx\/index.php?rest_route=\/wp\/v2\/users\/1"}],"replies":[{"embeddable":true,"href":"https:\/\/www.abcon.mx\/index.php?rest_route=%2Fwp%2Fv2%2Fcomments&post=6743"}],"version-history":[{"count":6,"href":"https:\/\/www.abcon.mx\/index.php?rest_route=\/wp\/v2\/pages\/6743\/revisions"}],"predecessor-version":[{"id":6987,"href":"https:\/\/www.abcon.mx\/index.php?rest_route=\/wp\/v2\/pages\/6743\/revisions\/6987"}],"up":[{"embeddable":true,"href":"https:\/\/www.abcon.mx\/index.php?rest_route=\/wp\/v2\/pages\/6738"}],"wp:attachment":[{"href":"https:\/\/www.abcon.mx\/index.php?rest_route=%2Fwp%2Fv2%2Fmedia&parent=6743"}],"curies":[{"name":"wp","href":"https:\/\/api.w.org\/{rel}","templated":true}]}}